468. Let t = -117 + n. Give u(t).
-5
Suppose 99 + 7 = 53*d. Let j(l) = 6 - 4808*l + l**2 + 4800*l + 0*l**d. Determine j(8).
6
Suppose 0*d + 6 = 2*d + 2*v, 0 = 4*d + 3*v - 9. Suppose -4*s + 4*h + 17 - 1 = d, 2*h - 22 = -4*s. Let g(y) = y**2 - 5*y + 4. Determine g(s).
4
Let v(i) = 13*i**3 - 2*i**2 - 8*i + 10. Let n(r) = -17*r**3 + 3*r**2 + 11*r - 14. Let m(x) = 8*n(x) + 11*v(x). What is m(1)?
7
Let y(p) = -204*p - 23. Let u(v) = 233*v + 29. Let k(c) = -4*u(c) - 5*y(c). Determine k(-1).
-89
Let q(o) = 12*o**3 - 39*o**2 - 29*o - 18. Let u(c) = 5*c**3 - 16*c**2 - 12*c - 9. Let w(d) = 3*q(d) - 7*u(d). Determine w(4).
-19
Let n(g) = 105*g + 62 + 104*g - 317*g + 105*g. Determine n(17).
11
Let l(s) = 2*s**2 - 5*s + 27. Let v(b) = b**2 - 2*b + 14. Let c(n) = -2*l(n) + 5*v(n). Let a be 0*((-25)/15 - -1)/2. Give c(a).
16
Let g(h) = -7*h**3 + 4*h**2 - 27*h - 38. Let p(v) = -5*v**3 - 3*v**2 - 26*v - 37. Let a(c) = 3*g(c) - 4*p(c). What is a(25)?
-16
Let f(s) = s**2 - 6*s + 5. Suppose -1465*g - 8 = -1467*g. Calculate f(g).
-3
Let d = 596436 + -596416. Let p(v) = -3*v**3 + 22*v**2 - 2*v + 9. Let f(u) = 7*u**3 - 45*u**2 + 5*u - 19. Let n(i) = -2*f(i) - 5*p(i). Determine n(d).
-7
Let c(w) = -15*w + 4. Let n(t) = -t**3 - 9*t**2 - 23*t - 22. Let z be n(-6). What is c(z)?
-116
Let v = -15 + 18. Let c(l) = -l + 21 - 23 - v*l + 3*l. Let g be (-8)/14 + (-15)/35 - 2. What is c(g)?
1
Let o(s) = -5*s**2 + 13*s + 15. Let h = 8 + -1. Let i(q) = 6*q + 0*q**2 - 2*q**2 + 5 + 7 - 5. Let l(y) = h*i(y) - 3*o(y). What is l(-4)?
8
Let r(h) = -2. Let q(s) = -s + 9 - 24 - 1 + 2. Let k(a) = 2*q(a) - 18*r(a). What is k(5)?
-2
Suppose -6*p - 2 = 2*b, 0 = -2*p - 3*b + 4. Let m(w) = 2*w**3 + w**2 - 29*w - 30. Give m(p).
-2
Let x(o) = o**2 + 10*o - 9. Let y(c) = -12*c + 86. Let l be y(5). Let g be (-273)/l - ((-1)/2)/1. Calculate x(g).
-9
Let i(k) = 6*k**2 + 7*k - 13. Let p(u) = 7*u**2 + 5*u - 13. Let t(f) = -6*i(f) + 5*p(f). Determine t(-8).
85
Let l(j) = j**2 - 6*j - 8. Suppose -2*x = 45 + 37. Suppose 4*c = c + 141. Let b = x + c. Determine l(b).
-8
Let t(l) = -12*l**2 - l - 60. Let b(h) = 7*h**2 + 2*h + 35. Let m(i) = -5*b(i) - 3*t(i). Let v(j) = 4*j**3 + 2*j**2 - 2*j + 1. Let g be v(1). Give m(g).
-5
Let q = 388 - -109. Let a(b) = b**2 + 4*b + 503 + 4*b - q - b. Determine a(-5).
-4
Let z(p) = -9*p**3 - 13*p**2 + 4. Let q(s) = 8*s + 45. Let k be q(-5). Let x(a) = 11*a**3 + 12*a**2 - 4. Let m(y) = k*z(y) + 4*x(y). Determine m(-17).
4
Let n(q) = -146*q + 9. Let d(z) = -83*z + 5. Let s(v) = -7*d(v) + 4*n(v). Suppose -3*c = 2*j + c - 2, 0 = -5*j - 2*c + 5. Calculate s(j).
-2
Suppose l + 11 = 3*r, 3*r - 4*l - 2 = 5*r. Let k(y) = r*y + 2*y - 4*y - 2 + 0*y. What is k(-4)?
-6
Let s(g) = 4*g + 27. Let y be s(-8). Let p be ((-5)/(-2))/y - (-22)/4. Suppose 0 = p*b - 15, -h + 4*b = 2*b + 4. Let x(a) = -6*a + 3. Give x(h).
-9
Let w be 9/(-6)*(-5 + 1). Let q be (-8)/w*1 + (-1666)/42. Let v = 37 + q. Let f(a) = -a**3 - 3*a**2 + 2*a - 2. Give f(v).
6
Let r(t) be the second derivative of -1/6*t**4 + 2*t + 1/3*t**3 + 0 + 7/2*t**2. Calculate r(5).
-33
Let k be (-2)/((-1 + 0)/1). Let d(w) = 2*w + 1. Let h be d(k). Let b(j) = -375*j**3 - 8*j**2 - 5 + 376*j**3 - 5*j**2 - 3*j - 9*j**2 + 18*j**2. Give b(h).
5
Let p(m) = m**2 - 11*m + 4. Let w(i) = 4*i - 151. Let h be w(39). Give p(h).
-26
Let u = 2 - 2. Let a(l) = -2*l**3 - 67666*l**2 + 135325*l**2 + 11 + 3*l**3 - 67658*l**2. Determine a(u).
11
Let p = 91 + -82. Suppose -5*c - 5 = -n - 8*c, 4*n + c = p. Let z(s) = 71*s**2 + 2 + 7*s + 3 - 70*s**n. What is z(-4)?
-7
Let f(p) be the first derivative of -p**3 + 6*p - 1382. Calculate f(-2).
-6
Let z(a) = a**2 + 5*a - 6. Let p be z(-8). Suppose p*b - 20*b + 16 = 0. Let h(v) = v**2 - 7*v - 10. Determine h(b).
-2
Let z = 4195 - 4208. Let o(h) = -h**2 - 5*h - 14. Determine o(z).
-118
Let j(h) = -997*h - 976. Let c be j(-1). Let i(m) = m**2 - 32*m + 238. Determine i(c).
7
Suppose -20 = 5*s, -3*b + 3*s = -2*s - 2471. Let x(g) = -g**2 + 0 + b*g - 4 - 810*g. Let o(a) = -2*a**2 - 12*a - 5. Let k be o(-5). Calculate x(k).
6
Let b(s) = -6*s**3 - 15*s**2 - 2*s. Let f(r) = -11*r**3 - 28*r**2 - 4*r. Let w(o) = 9*b(o) - 5*f(o). Give w(-3).
12
Suppose -39*i + 102 = -40*i. Let a = i + 101. Let d(u) = 3*u**2 + 3*u + 2. Determine d(a).
2
Let i(r) = -r**2 - 2*r. Let j be ((-1)/9)/((-1)/(-3))*-30. Suppose -5*p - 8*f + 269 = -j*f, p - 70 = -5*f. Let y be 1 + (-14)/5 - 11/p. What is i(y)?
0
Suppose -4*t = -0*l + l + 25, 0 = 2*t - 4*l + 8. Let a(v) = -6 + 0*v**3 + 4*v**3 - 3*v**3 + 6*v**2 - v - 2. Calculate a(t).
-2
Let q(a) be the third derivative of a**4/6 - a**3/6 + 1391*a**2 - 2*a. Let d be (3 - 5)/((-1)/2). Give q(d).
15
Let a(k) = -k**3 + 68*k**2 + 98*k - 1989. Let p be a(69). Let t(x) = x**3 - 11*x**2 - 13*x - 1. What is t(p)?
-13
Let z(n) = -4*n**2 + n + 12. Let i(d) = d**2 - 2*d - 5. Let r(t) = -3*i(t) - z(t). Suppose -10 = -v + 6*v. Calculate r(v).
-3
Let f(r) = r**2 - 17*r - 69. Let i be f(21). Let b be (-6)/(-9) - 100/i. Let k(s) = -s**2 - 4. Determine k(b).
-40
Let i = 1929 + -1933. Let l(j) = j**2 - 3. Determine l(i).
13
Let d(t) be the first derivative of 9*t**2/2 - 21*t + 143. Let w(o) = -2*o + 5. Let i = -10 + -11. Let g(a) = i*w(a) - 5*d(a). What is g(2)?
-6
Suppose 977*g - 983*g + 126 = 0. Let k(j) = 14*j + 2*j - 4 - g*j. Give k(5).
-29
Let f(b) = -b - 1. Let k(c) = c - 1. Let u be (-9)/(-3)*30/18. Let x be k(u). Suppose x*s - 3*g = 15, -g + 5 = 2*s - 2*g. Give f(s).
-1
Let k(u) = u**3 + 3*u**2 + 2*u. Suppose 8*g = -4*w + 12*g - 12, -5*g - 5 = -w. Let r be (32/80)/(1/w). What is k(r)?
0
Let m(u) = -2*u**2 + 12*u - 8. Let j be m(5). Let n(d) = 0 - j - 3*d + 2 + 4. Calculate n(4).
-8
Let z = 1 + 1. Suppose -10*c + 19 = -31. Suppose c*b = -4*x + 16, 5*b = z*x + 3*x + 25. Let j(f) = -f**2 + 1. Calculate j(x).
0
Let g = 4650 + -4653. Let x(n) = -n**3 + n - 2. Determine x(g).
22
Let l(b) = b**3 - 22*b**2 - 18*b + 29. Let g(k) = -k**3 + 21*k**2 + 18*k - 28. Let c(f) = -7*g(f) - 6*l(f). What is c(16)?
-10
Suppose -h + 4*k = 53, -7*k = h - 4*k + 81. Let r(d) = 133*d + 2594. Let u be r(-19). Let g = u + h. Let j(i) = -4*i**2 - i + 1. What is j(g)?
-13
Let d(h) = -h**3 - 7*h**2 - h + 16. Let q(r) = -r**2 - 68*r - 1146. Let x be q(-30). What is d(x)?
-14
Let z = 59 - 54. Let d = -5 - -10. Let k(s) = 2*s - d*s + 0 + 4*s + 1. Give k(z).
6
Let o be 8/(-12)*-2*6. Let v(b) = 16*b - 21 + 4 + 18 + o*b. What is v(1)?
25
Let q(o) = -o**3 + 3*o**2 - 9*o - 9. Let x(n) = -n**2 + 2*n + 2. Let j(d) = q(d) + 6*x(d). Determine j(2).
-11
Let x(d) be the third derivative of d**5/60 - 7*d**4/24 - d**3/2 + 2*d**2. Let o be x(6). Let f(t) = t**3 + t**2 + 19649 + 8*t**2 - 19642. Calculate f(o).
7
Suppose 4*o = -4*s + 1233 - 1249, 28 = -5*s - o. Let w(q) = 3*q**2 + 22*q + 32. Determine w(s).
8
Let m(j) be the first derivative of -3*j**2/2 + 2*j - 369. Let p(l) = 2*l**2 - 10*l + 2. Let b be p(4). Determine m(b).
20
Let x = -191 - -193. Suppose -x*w + s - 16 = 0, 15*w - 11*w + 32 = -4*s. Let i(t) = -t**3 - 7*t**2 + 10*t - 11. Give i(w).
-27
Let s(a) be the first derivative of a**5/120 + a**4/24 + 6*a**3 - a**2 + 18. Let m(z) be the third derivative of s(z). What is m(7)?
8
Let q(a) = -2*a + 3*a**3 + 2*a**2 - 5*a**3 + 2 - 5*a**3 + 5*a**3. Let u(c) = 2*c**2 - 36*c + 66. Let x be u(2). Determine q(x).
-10
Let k(b) = 13 + b + 25 - 64 + 35. Let j(d) = d + 4. Let h be j(-4). Suppose h = 3*w + 19 + 14. Determine k(w).
-2
Let b = -19 + 14. Let v(u) be the third derivative of 5*u**4/24 - 10*u**2. Let n(g) = -14*g. Let j(f) = -6*n(f) - 17*v(f). Determine j(b).
5
Let o = -10 - -5. Let a = 340 + -337. Let u(x) = -3*x - 6*x**2 + 5801 - 5801 - x**a. Give u(o).
-10
Let p(w) = w + 1. Let r be p(-5). Let z(c) = -2 - 14373*c**2 + 2 + 14375*c**2 + 5*c. What is z(r)?
12
Suppose 2*l = 3*i - 21, -9*l + 6*l + 4*i = 30. Let v(n) = -15*n - 86. Determine v(l).
4
Let t be 2*3/(-24) - (-14)/(-8). Let d be t/((-10)/3) + (-519)/15. Let k = d - -41. Let y(n) = -n**3 + 8*n**2 - 6*n - 2. Give y(k).
5
Let u = -1620 + 1622. Let q(p) = 8*p**2 + 3*p - 5. What is q(u)?
33
Let y = 204 + -197. Let u(c) = -2*c + 1. Let a(s) = -s + 1. Let d(l) = y*a(l) - 4*u(l). What is d(12)?
15
Let v(s) = -s**2 - 27*s + 571. Let j be v(14). Let g(u) = u**3 + 4*u**2 + 3*u + 6. What is g(j)?
6
Let p be 2*(7